5
1020011211101 (base 3) to base 15
cd774
-b869c (base 15) to base 4
-2032322130
Convert -102345425 (base 7) to base 12.
-2044172
What is -11000021201 (base 3) in base 10?
-78940
Convert -21020230 (base 4) to base 6.
-445124
Convert -3012211211 (base 4) to base 8.
-3064545
Convert 140335301 (base 6) to base 5.
1210442030
What is 1430593 (base 12) in base 7?
46243053
76006 (base 10) to base 16
128e6
Convert 10415311 (base 6) to base 11.
1a4619
Convert -110221122122 (base 3) to base 12.
-103615
What is 110001100001000100 (base 2) in base 16?
31844
What is -6aaa4 (base 11) in base 10?
-102480
Convert 241201055 (base 6) to base 7.
53413223
-1022232330 (base 4) to base 2
-1001010101110111100
What is -87922 (base 10) in base 15?
-1b0b7
Convert b489b (base 12) to base 15.
4a01e
-169928 (base 11) to base 2
-111111111101101011
What is 11110100011101110 (base 2) in base 7?
1030626
What is a6884 (base 11) in base 7?
1215140
Convert -1160502 (base 7) to base 8.
-443165
345114134 (base 6) to base 14
bc9082
Convert 938342 (base 12) to base 9.
4318855
-b5a89c (base 13) to base 12
-150b927
-10010100101011001100 (base 2) to base 4
-2110223030
103023123023 (base 4) to base 15
69498b
What is -11120211021111 (base 3) in base 12?
-996541
What is -3a0ee (base 15) in base 7?
-1402556
What is -5199a9 (base 14) in base 16?
-2a0661
What is -605560 (base 8) in base 14?
-52a08
Convert 1001101001110100101001 (base 2) to base 6.
130123425
What is 1badb (base 15) in base 9?
146658
Convert -10012220101101 (base 3) to base 16.
-1a19b2
Convert 543265 (base 11) to base 7.
10243656
-9972610 (base 10) to base 5
-10023110420
What is 1010011100111111011011 (base 2) in base 12?
b0190b
1324250 (base 7) to base 11
10a015
What is -48722 (base 15) in base 7?
-1651532
What is 7ba920 (base 12) in base 6?
110342040
What is -1ebc6 (base 16) in base 10?
-125894
What is -30542530 (base 6) in base 2?
-11010111111100010110
Convert 25000403 (base 6) to base 14.
169163
Convert -4320201 (base 5) to base 11.
-4aa84
Convert adea0c (base 15) to base 6.
453532203
200120202220 (base 3) to base 11
22a90a
What is -50421102 (base 6) in base 13?
-3b2703
Convert -c21c (base 15) to base 2.
-1010000000010001
What is 24320031 (base 6) in base 2?
10111100100101010011
What is -56411311 (base 7) in base 3?
-100012121221111
-629332 (base 14) to base 6
-155204304
-111000000010111111 (base 2) to base 3
-102122220111
What is -11001111101000111101000 (base 2) in base 8?
-31750750
19a8 (base 11) to base 14
cd4
Convert -5506d (base 14) to base 16.
-32449
-5046c (base 14) to base 10
-192960
Convert 217336 (base 9) to base 5.
13130123
What is ca3d (base 14) in base 6?
425435
What is -b3c15 (base 14) in base 9?
-730180
2c11a (base 15) to base 16
22ab0
-3157056 (base 8) to base 2
-11001101111000101110
-32c56b (base 16) to base 7
-40165461
Convert 25523 (base 13) to base 3.
10111121212
What is 543506 (base 7) in base 2?
10111001011000111
1245275 (base 8) to base 3
122121201221
What is 271826 (base 10) in base 14?
710c2
Convert 1302045420 (base 6) to base 14.
204140c
Convert -13dd0 (base 14) to base 12.
-246aa
Convert -112310234 (base 5) to base 12.
-207219
b1324 (base 13) to base 6
10443053
Convert 109a518 (base 12) to base 14.
5d0aa0
What is 13205011 (base 6) in base 4?
1222210333
-111000001010100110 (base 2) to base 7
-1645466
12122220201201 (base 3) to base 16
2ded34
Convert -67999 (base 10) to base 5.
-4133444
Convert -250425121 (base 7) to base 3.
-1002120201022221
What is 1056354 (base 8) in base 15?
59ac2
-2307764 (base 8) to base 11
-398916
What is c164a (base 13) in base 12?
148299
What is -9b5daa (base 15) in base 3?
-111221112021021
What is 322002123 (base 4) in base 9?
402076
8a53 (base 14) to base 7
126633
-3620353 (base 7) to base 10
-458776
16046 (base 7) to base 13
2078
Convert -97509a (base 11) to base 10.
-1558710
Convert -37281 (base 11) to base 13.
-1b4cb
-201223303 (base 5) to base 10
-804828
What is 13013201 (base 5) in base 12?
60b43
What is 16ae0 (base 15) in base 5?
4321320
150552 (base 6) to base 8
34204
What is 21d99 (base 14) in base 2?
10100000101010011
Convert 1b27b (base 12) to base 3.
2001001012
Convert 11110222021011 (base 3) to base 13.
654a51
What is 15523616 (base 8) in base 16?
36a78e
Convert 100001000011011001 (base 2) to base 9.
225637
-3331513 (base 8) to base 3
-1200121122100
What is -640500 (base 10) in base 11?
-3a8243
What is 1110001110000010111001 (base 2) in base 8?
16160271
What is 120011200011 (base 3) in base 10?
298651
What is 1476015 (base 8) in base 6?
13035245
107325 (base 9) to base 3
10021100212
136641 (base 9) to base 7
465550
What is -211012200 (base 4) in base 15?
-30063
What is 1a5c5 (base 14) in base 11?
46388
-77607 (base 11) to base 8
-333631
Convert -122604241 (base 7) to base 10.
-7749526
What is -1001010001000000 (base 2) in base 11?
-26572
What is -252252051 (base 7) in base 8?
-74607174
What is -11122110212 (base 3) in base 14?
-2549a
What is 6782a (base 15) in base 14?
87d95
What is -541105 (base 10) in base 3?
-1000111020221
-5251 (base 10) to base 16
-1483
What is -10112211222 (base 3) in base 7?
-410501
-898 (base 13) to base 2
-10111000101
What is 17713308 (base 9) in base 3?
121210110100022
-a04 (base 16) to base 10
-2564
What is -78295 (base 10) in base 6?
-1402251
Convert -467c5 (base 15) to base 12.
-a9b12
Convert 2158102 (base 12) to base 3.
102221000201102
What is -631450 (base 7) in base 15?
-222b4
14366207 (base 8) to base 2
1100011110110010000111
What is 100110222002 (base 3) in base 7?
1405010
Convert 1203554 (base 6) to base 2.
1111011001011110
Convert -101111100011101 (base 2) to base 8.
-57435
200022015 (base 6) to base 11
1997137
Convert 1001111110001011 (base 2) to base 9.
62021
Convert 135403 (base 10) to base 8.
410353
What is 10010010111 (base 2) in base 12?
81b
230827 (base 10) to base 6
4540351
1011000001111100000100 (base 2) to base 9
5386374
Convert -223d00 (base 14) to base 16.
-11bffc
What is -1123304113 (base 5) in base 15?
-357873
Convert -11111044 (base 5) to base 8.
-276561
18886 (base 14) to base 4
33021212
Convert 2082330 (base 9) to base 7.
12331563
What is 2114324 (base 6) in base 10?
103372
1205a (base 12) to base 6
304154
Convert 1061 (base 9) to base 8.
1420
What is -221400032 (base 5) in base 10?
-965642
-3179759 (base 10) to base 14
-5cab39
20b58 (base 14) to base 8
232332
120545321 (base 6) to base 8
10556321
What is 4432b (base 15) in base 12?
a54b8
-7ab41b (base 12) to base 10
-1968791
Convert 122742 (base 10) to base 16.
1df76
Convert 39468 (base 11) to base 3.
2212110010
What is -24582 (base 16) in base 13?
-529b3
-2438013 (base 9) to base 8
-5033075
Convert -128400 (base 10) to base 12.
-62380
-22013121132 (base 4) to base 14
-4d0542
Convert 42859 (base 11) to base 15.
136a8
Convert -1b8688 (base 12) to base 8.
-1700310
What is -391377 (base 13) in base 12?
-562b96
24949 (base 14) to base 12
43a59
3213333230 (base 4) to base 7
11035262
What is 432901 (base 11) in base 8?
2507247
2241676 (base 8) to base 2
10010100001110111110
1001000110100001111 (base 2) to base 9
504114
Convert 4411213 (base 5) to base 3.
10211222201
What is -12000776 (base 8) in base 5?
-1132400300
What is 110001022212 (base 3) in base 12?
b52b8
What is -1422971 (base 10) in base 12?
-58758b
What is -441635 (base 7) in base 2?
-10010111010110111
Convert 4b55fc (base 16) to base 3.
100021211120201
What is 3028326 (base 10) in base 8?
13432546
-341043213 (base 5) to base 3
-2211100122012
What is -18a03 (base 15) in base 16?
-13806
-11a034 (base 11) to base 3
-100121022110
11110100110100101 (base 2) to base 6
2404153
-422251 (base 6) to base 4
-20112313
6176052 (base 8) to base 3
10002012010010
Convert 483722 (base 11) to base 3.
1102221000122
What is -132201133 (base 5) in base 8?
-2416214
-2123420 (base 5) to base 6
-435102
Convert 4062145 (base 10) to base 15.
5538ea
What is 16a08a4 (base 11) in base 10?
2885359
Convert -49669 (base 12) to base 5.
-11140231
What is 24899 (base 13) in base 8?
203474
Convert -11111010101000000010100 (base 2) to base 3.
-120110020102200
What is -1aca4 (base 13) in base 12?
-265b1
Convert 163472 (base 10) to base 12.
7a728
10012022 (base 3) to base 11
1829
Convert -1441b1 (base 13) to base 14.
-cc394
What is 